 (1 + 0/h)/1. Let u(i) = 3*i + 0 - 7*i - r. Determine u(-3).
11
Suppose -9 = -4*g + g. Let k = 5 - g. Let n(v) = -12*v + 8. Let p(o) = -1. Let j(y) = n(y) + 5*p(y). Calculate j(k).
-21
Let x(u) = -u**3 + 4*u**2 + u - 4. Suppose -28*f = -641 + 53. Suppose 2*j + 7 = 3*r, 5*r - 10 = f*j - 16*j. Determine x(r).
8
Let n(u) = -11*u + 37. Let l(q) = -39*q + 110. Let x(y) = 2*l(y) - 7*n(y). Give x(-23).
-16
Let m(q) be the first derivative of 5*q**3 - 11*q**2/2 + 19*q + 31. Let k(a) = -7*a**2 + 5*a - 9. Let l(t) = 13*k(t) + 6*m(t). What is l(-3)?
-9
Let n(f) = 8*f + 23. Let b(j) = -j**2 + 171*j - 508. Let g be b(3). What is n(g)?
-9
Let g(t) = 6*t**3 + 2*t**2 - 6*t + 3. Let w be g(1). Let n(o) = o**3 - 7*o**2 + 9*o + 3. Calculate n(w).
-2
Let x(r) be the second derivative of r**5/10 + r**4/12 - 14128*r. What is x(-1)?
-1
Let c(d) be the first derivative of -d**5/60 - 7*d**4/12 - 37*d**3/3 - 3*d**2/2 - 66. Let i(h) be the third derivative of c(h). What is i(-6)?
-2
Let a = -5 + 13. Suppose -n - a = -3*u, 8 = -u + 2*n + n. Let f(c) = -289 + 2*c + 3*c**3 + 288 + 3*c**2 - 4*c**3. Determine f(u).
-9
Let m(n) = -2*n - 7. Let c(g) = 2. Let b be (-7)/(-14)*(-2 + 6). Let h(q) = b*m(q) + 2*c(q). What is h(-9)?
26
Let n(k) = 10*k**2 + 26*k - 5. Let l be n(-3). Let b(z) = 3*z**2 + 3*z + 0*z**2 + 6*z - 5*z**2. What is b(l)?
-35
Let u(v) = 4*v + 3. Let b = -91 + 192. Suppose 2*p + p - 4*y = b, 5*y = -2*p + 52. Let r = -34 + p. Determine u(r).
-9
Let w(o) = -6*o + o**2 + 15 + 4*o + 8*o + 10*o - 21*o. What is w(5)?
15
Let h(d) = -8*d - 140. Let r be h(-17). Let u(v) = -2*v**2 - 8*v - 2. Let z be u(r). Let l(s) = -6*s + 1. Let x(c) = c. Let n(f) = -l(f) - 2*x(f). Give n(z).
-9
Let y(z) = -2869*z + z**2 - 2862*z + 5731*z - 11. Calculate y(5).
14
Let z(m) be the second derivative of 7*m**3 + 3*m**2/2 + 5286*m. What is z(2)?
87
Suppose a + h = 2*a - 3, 5*a - 16 = 4*h. Let r(k) = -47*k - 5 + 49*k + 116*k**2 - 115*k**2. Give r(a).
19
Let y(k) = -k**3 - 14701*k**2 - 14710*k**2 + 75 + 29412*k**2 - 3*k. Give y(0).
75
Let i be 30/21*(-49)/(-7). Let d(h) = -33*h**3 + 41*h**2 + 150*h + 101. Let u(w) = -7*w**3 + 8*w**2 + 33*w + 20. Let x(s) = 3*d(s) - 14*u(s). Give x(i).
3
Let q(k) = 5*k**2 + k - 18. Let f(c) = -11*c**2 - 3*c + 35. Let h(t) = 4*f(t) + 9*q(t). Let i be h(8). Let d(j) = 5 + i*j - 4*j - j**2 - 7*j. Determine d(6).
11
Let z(w) be the second derivative of w**4/12 - 7*w**3/3 + 53*w**2/2 + 69*w + 10. Calculate z(5).
8
Let s(i) be the third derivative of 7*i**6/120 + i**5/15 + 5*i**4/24 + i**3/2 - 2149*i**2. Calculate s(-2).
-47
Let j = 4 - 4. Let m(i) be the third derivative of 0 + 3/2*i**3 - 1/24*i**4 + 26*i**2 + 0*i. Determine m(j).
9
Let f(n) be the second derivative of 7*n**4/12 - 3*n**2/2 + 7*n - 3. Let l(p) = -6*p**2 + 3. Let c(y) = -5*f(y) - 6*l(y). What is c(-3)?
6
Let p(n) = -n**3 - 8*n**2 - n + 8. Let d be -5*(1 + 0) - 0. Let s be p(d). Let t = s + 60. Let i(y) = y**2 + 4*y + 1. Determine i(t).
-3
Let h(v) be the second derivative of v**3/2 + 3*v**2 + v. Let n be 11/((-33)/(-45))*2/3. Suppose -n*a - 45 = -a. Give h(a).
-9
Let s(g) be the second derivative of -49*g**3/6 - 497*g**2/2 + 54*g + 46. What is s(-10)?
-7
Let n(b) = -3*b + 37. Let t be n(14). Let h(f) = 355*f - 179*f - f**2 - 178*f - 32 + 31. Calculate h(t).
-16
Suppose -4*k = -2*p, 3*k = 2*p - 2*k - 1. Let l = 214 + -211. Let h(i) = -9*i**2 - i**l + 3*i + 8*i**2 - i. What is h(p)?
0
Suppose -4*u = 3*v - 43, 16 + 7 = -v + 4*u. Let m(o) = o**3 - 6*o**2 + 28*o - 117. Calculate m(v).
-2
Let d(q) = q**2 - 8*q - 23. Let j(s) = s**2 - 7*s - 39. Let o(c) = 3*d(c) - 2*j(c). Determine o(9).
0
Let c(f) be the third derivative of -5/6*f**3 + 0 - 1/60*f**5 + 0*f + 29*f**2 - 1/4*f**4. Suppose 0 = -2*q - 0 - 8. What is c(q)?
3
Let u(y) = y - 3. Let n(g) = -5*g + 36. Let d be n(8). Let f be (((-10)/(-3))/(-10))/(d/(-12)). Determine u(f).
-4
Let u(v) = 3*v**2 - 13*v - 14. Let q(w) = 8*w**2 - 28*w - 29. Let i(c) = -2*q(c) + 5*u(c). Determine i(-9).
-12
Let r(w) = -40*w + 525. Let q be r(13). Let x(c) be the first derivative of -1/3*c**3 - 5*c**2 + q + 5*c. What is x(-11)?
-6
Let o(q) = -q**2 + 7. Let u = 173 + -193. Let w(r) = 3*r**3 + 61*r**2 + 20*r. Let i be w(u). Give o(i).
7
Let d(m) be the third derivative of -m**6/120 - 2*m**5/15 + m**4/24 - m**3/6 + 4*m**2. Let a(f) = -4*f**2 + 23*f + 64. Let u be a(8). Calculate d(u).
-9
Let l be 2/(-5)*1 - (-512)/80*1. Let q(m) = 4*m + 1 - 5*m + 2*m. Give q(l).
7
Suppose 7*c - 40 = -12. Let u(f) = -2*f**3 - 10*f**2 + 2*f + 2. Let r(s) = 3*s**3 + 18*s**2 - 3*s - 3. Let n(w) = -3*r(w) - 5*u(w). Determine n(c).
-5
Let u(z) = z**2 - 9*z + 16. Let x be u(7). Let v(k) = x + 2*k + k**3 + 41*k**2 + 0 - 36*k**2. Let q = 150 + -154. Give v(q).
10
Suppose -19*m - 3*j = -18*m, 8*j + 11 = m. Let v(w) be the first derivative of -23 - w**2 - 1/4*w**4 - 9*w + 7/3*w**m. Calculate v(7).
-23
Let x = 506 + -504. Let p(f) be the first derivative of -4/3*f**3 - 3/2*f**x - 2*f + 3. Calculate p(-2).
-12
Let k(m) be the second derivative of 1/60*m**5 + 11/2*m**2 + 0 + 1/3*m**3 + 0*m**4 + 16*m. Let o(q) be the first derivative of k(q). Calculate o(-2).
6
Let z(s) be the third derivative of s**6/45 - s**5/120 + 103*s**3/6 - 20*s**2 - 2*s. Let o(n) be the first derivative of z(n). What is o(1)?
7
Let t(d) = 4*d + 125. Suppose -112 = 4*o + 4*c, 63*o - 64*o - 12 = 5*c. Determine t(o).
-3
Let r(g) = -641*g + 1918. Let b be r(3). Let d(k) = 3*k + 8. What is d(b)?
-7
Let n be -1*(-2 - -3)*-1 + -6. Let v(g) be the first derivative of -6*g + 5/2*g**2 + 1/3*g**3 - 40. Give v(n).
-6
Let n(t) = 6*t**2 + 48*t - 12. Let b be n(-9). Suppose 9*j = 3 + b. Let x(i) = i - 1. Let m(k) = -3*k. Let h(v) = -m(v) - 4*x(v). Determine h(j).
-1
Suppose 20 = -26*f + 36*f. Suppose 0*m + 3 = -m, -f*k - 39 = 5*m. Let u(o) = -o**3 - 11*o**2 + 14*o + 12. Give u(k).
-12
Let i(g) = -79*g + 27. Let d be i(8). Let w = d + 596. Let k(a) = a**3 + 9*a**2 + a - 10. Determine k(w).
-19
Let h(k) = -k - 2 + k + 8*k - 6*k - 6*k. Calculate h(-11).
42
Let z(m) = 4*m**2 - 5*m**3 + 20*m**3 - 20*m**3 + m**2 + 4*m**3 - 3*m. Suppose -42 = -7*x - 28. What is z(x)?
6
Let x = 105 - 102. Let w(m) = 574*m - 560*m - 6 + 3*m**2 - 9 - m**x. Let k be w(5). Let u(p) = p**3 - 5*p**2 - p + 6. Calculate u(k).
1
Let a(h) = 1. Let x be (-7 - -5)*(-1)/(2/(-6)). Let r(c) = -c**2 - 4*c. Let m(g) = x*a(g) - r(g). Let u(w) = -w + 4. Let b be u(9). Give m(b).
-1
Suppose 0 = -94*k + 257*k - 511 - 1119. Let m(g) = g**3 - 10*g**2 + 7*g - 4. Determine m(k).
66
Let r(y) = y + 12. Let z be r(-9). Let x(t) = 65 + 20*t - 21*t - 62. Calculate x(z).
0
Suppose -4*j = 20, -j - 9 = 2*x - 3*x. Let h(c) = -43*c**2 + 258*c + 12. Let o(v) = -19*v**2 + 114*v + 6. Let y(a) = -4*h(a) + 9*o(a). Give y(x).
-2
Suppose -4*y + 5 = -5*i, -11*y = 5*i - 10*y + 30. Let q(h) = 10*h + 5. Determine q(i).
-45
Let b(k) = -k - 2. Let c(a) = -2*a - 2. Suppose 13 + 5 = 6*r. Let q(x) = r*b(x) - 2*c(x). Suppose -p - 2 = -0*p. What is q(p)?
-4
Let r(g) = -g - 1. Let s = -281 + 265. Let x be 66/s - (4 + 132/(-32)). Give r(x).
3
Let t(p) = p**3 + 12*p**2 + 8*p - 9. Let u be t(-11). Suppose u*l - 5*l - 19 = 0. Let r(o) = 7*o**2 - o. Calculate r(l).
6
Let y(c) = c**2 - 138*c - 420. Let q be y(-3). Let f(j) = 1. Let k(i) = -i + 3. Let b(s) = 4*f(s) - k(s). What is b(q)?
4
Let o(k) be the second derivative of 5/12*k**4 - k - k**2 + 1/20*k**5 + 0 - 1/3*k**3. Suppose -3*h - 13 = -r, 3*h + 7*r = 10*r - 15. Give o(h).
22
Let f(n) = -12*n + 19. Let g(w) = w - 1. Let d(a) = -f(a) + 3*g(a). Let u(y) = -7*y + 11. Let r = -24 + 11. Let l(j) = r*u(j) - 6*d(j). Calculate l(7).
-4
Let a(b) = -174*b + 2*b**2 - 17 + 72*b + b**2 + 84*b - 6*b**2. Calculate a(-5).
-2
Let s = 30 - 32. Let n(j) = 10*j**3 + 4 + 19*j**2 + 8*j + 7*j**3 - 2*j. Let d(a) = -8*a**3 - 9*a**2 - 3*a - 2. Let i(t) = -13*d(t) - 6*n(t). Give i(s).
-8
Suppose -b + 2*b + 3 = 0, -2*b = 3*w + 9. Let h(i) = -20*i + 83*i - 15*i - 12*i - 38*i. Calculate h(w).
2
Let a(h) be the second derivative of h**7/840 - h**6/90 - h**5/120 - h**4/24 - 97*h**3/6 - 15*h - 2. Let u(k) be the second derivative of a(k). Calculate u(3).
-13
Let v = 67 + -64. Let u(q) = 22*q + 4. What is u(v)?
70
Let g(y) = -y**2 + 9*y - 7. Let x be g(7). Let q(i) = 5*i**2 - x - 2 + 11*i - 6*i**2. Let b =